hat are the prime factors of 39480759?
3, 367, 11953
What are the prime factors of 355646980?
2, 5, 13, 43, 2447
List the prime factors of 112127771.
7, 83, 192991
List the prime factors of 1279795572.
2, 3, 11, 691, 1559
List the prime factors of 792697690.
2, 5, 41, 43, 44963
What are the prime factors of 1781671874?
2, 839, 1061783
List the prime factors of 423109744.
2, 277, 95467
List the prime factors of 44198664.
2, 3, 139, 13249
List the prime factors of 4423485740.
2, 5, 221174287
List the prime factors of 54996148.
2, 1493, 9209
What are the prime factors of 793732575?
3, 5, 163, 64927
What are the prime factors of 14066567?
41, 343087
What are the prime factors of 117843640?
2, 5, 2946091
What are the prime factors of 2076424019?
16369, 126851
What are the prime factors of 4672632707?
313, 739, 20201
List the prime factors of 1710920047.
29, 97, 353, 1723
List the prime factors of 569624828.
2, 142406207
List the prime factors of 190852735.
5, 23, 53, 173, 181
What are the prime factors of 516433054?
2, 127, 2033201
What are the prime factors of 32244396?
2, 3, 2687033
List the prime factors of 94133273.
13, 23, 314827
What are the prime factors of 1584677731?
7, 13, 211, 82531
List the prime factors of 39848021.
2731, 14591
List the prime factors of 149767125.
3, 5, 399379
List the prime factors of 9085378.
2, 17, 267217
What are the prime factors of 101343588?
2, 3, 31, 89, 3061
What are the prime factors of 81208664?
2, 71, 142973
What are the prime factors of 1793446094?
2, 11, 103, 659, 1201
List the prime factors of 63981981.
3, 7, 112843
What are the prime factors of 106405170?
2, 3, 5, 83, 151, 283
What are the prime factors of 361423891?
131, 157, 17573
List the prime factors of 157161865.
5, 7, 127, 5051
What are the prime factors of 13465919?
163, 82613
What are the prime factors of 97365933?
3, 7, 421, 3671
List the prime factors of 222387003.
3, 67, 368801
List the prime factors of 1035655603.
1451, 713753
List the prime factors of 52979472.
2, 3, 7, 13, 311
List the prime factors of 83764420.
2, 5, 4188221
What are the prime factors of 122600675?
5, 47, 151, 691
List the prime factors of 262654281.
3, 283, 103123
List the prime factors of 57104566.
2, 59, 483937
What are the prime factors of 4539466397?
37, 113, 1085737
List the prime factors of 788857002.
2, 3, 61, 71, 3373
List the prime factors of 19032466.
2, 131, 72643
What are the prime factors of 1523886455?
5, 7, 13, 3349201
What are the prime factors of 1658344918?
2, 127, 6528917
List the prime factors of 5675490455.
5, 16069, 70639
What are the prime factors of 670281130?
2, 5, 67028113
What are the prime factors of 41201082?
2, 3, 13, 19, 3089
List the prime factors of 6916846.
2, 3458423
List the prime factors of 139341268.
2, 11, 23, 157, 877
List the prime factors of 223468737.
3, 41, 71, 25589
What are the prime factors of 542394799?
1433, 378503
List the prime factors of 303009531.
3, 11, 31, 26927
What are the prime factors of 102491533?
433, 236701
List the prime factors of 271682852.
2, 7, 229, 6053
What are the prime factors of 168859985?
5, 7, 1697, 2843
List the prime factors of 480668939.
29, 229, 72379
List the prime factors of 77069048.
2, 7, 251, 5483
List the prime factors of 21694704.
2, 3, 23, 43, 457
List the prime factors of 155752367.
19, 431447
What are the prime factors of 1713247623?
3, 190360847
What are the prime factors of 15725578?
2, 11, 17, 19, 2213
List the prime factors of 1315601665.
5, 7, 3943, 9533
What are the prime factors of 163080269?
11, 17, 563, 1549
What are the prime factors of 202952442?
2, 3, 7, 11, 271, 1621
What are the prime factors of 2593223438?
2, 13, 89, 1120667
List the prime factors of 218717248.
2, 59, 57923
What are the prime factors of 192178338?
2, 3, 11, 179, 16267
List the prime factors of 278075703.
3, 2791, 33211
List the prime factors of 7222161647.
7222161647
List the prime factors of 9156530.
2, 5, 23, 41, 971
What are the prime factors of 2158783450?
2, 5, 23, 59, 31817
List the prime factors of 1489009975.
5, 2143, 27793
What are the prime factors of 46049356?
2, 157, 73327
List the prime factors of 374163350.
2, 5, 11, 680297
What are the prime factors of 91669262?
2, 19, 2412349
List the prime factors of 154271118.
2, 3, 67, 383759
List the prime factors of 210625767.
3, 11, 17, 125149
List the prime factors of 59346333.
3, 6594037
What are the prime factors of 60152272?
2, 3759517
What are the prime factors of 61846887?
3, 20615629
What are the prime factors of 215030404?
2, 23, 41, 109, 523
List the prime factors of 208878860.
2, 5, 10443943
What are the prime factors of 914885070?
2, 3, 5, 11, 41, 67619
List the prime factors of 152231159.
197, 463, 1669
What are the prime factors of 103195956?
2, 3, 59, 145757
What are the prime factors of 86572234?
2, 7, 59, 163, 643
List the prime factors of 39372382.
2, 7, 41, 239
List the prime factors of 1500416367.
3, 500138789
What are the prime factors of 1057321?
211, 5011
List the prime factors of 30672338.
2, 15336169
List the prime factors of 69635556.
2, 3, 163, 11867
What are the prime factors of 312082321?
312082321
List the prime factors of 23902822.
2, 11951411
List the prime factors of 11834303.
13, 233, 3907
List the prime factors of 643570336.
2, 43, 73, 149
List the prime factors of 68793355.
5, 677, 20323
What are the prime factors of 934343736?
2, 3, 461, 84449
List the prime factors of 121552158.
2, 3, 7, 13, 19, 11717
What are the prime factors of 101284331?
167, 606493
What are the prime factors of 646948207?
31, 20869297
List the prime factors of 30761792.
2, 83, 5791
List the prime factors of 219419238.
2, 3, 17, 67, 97, 331
List the prime factors of 82227643.
3061, 26863
What are the prime factors of 282879558?
2, 3, 13, 17, 47, 89
What are the prime factors of 650794562?
2, 11, 73, 405227
List the prime factors of 2309770557.
3, 797, 322009
What are the prime factors of 173279654?
2, 23, 263, 14323
What are the prime factors of 80945518?
2, 383, 105673
List the prime factors of 11107348.
2, 7, 29, 13679
What are the prime factors of 272269154?
2, 136134577
What are the prime factors of 1435317?
3, 13, 19, 149
What are the prime factors of 656276131?
7, 19, 4934407
What are the prime factors of 41695337?
37, 43, 73, 359
List the prime factors of 58123226.
2, 7, 37, 112207
What are the prime factors of 1647831272?
2, 29, 7102721
List the prime factors of 693623418.
2, 3, 115603903
List the prime factors of 36522943.
653, 55931
What are the prime factors of 73610245?
5, 1217, 12097
List the prime factors of 381976844.
2, 95494211
List the prime factors of 62097706.
2, 11, 2822623
What are the prime factors of 130481591?
1103, 118297
List the prime factors of 864635508.
2, 3, 11, 19, 31, 337
What are the prime factors of 15679708?
2, 11, 367, 971
What are the prime factors of 8659285594?
2, 23, 307, 613177
What are the prime factors of 12004972?
2, 7, 107, 4007
List the prime factors of 41814380.
2, 5, 2090719
List the prime factors of 1122702683.
14549, 77167
List the prime factors of 3925722540.
2, 3, 5, 101, 647809
List the prime factors of 29417661.
3, 7, 13, 307
What are the prime factors of 5008730167?
7, 102218983
List the prime factors of 58855137.
3, 11, 23, 77543
List the prime factors of 345850476.
2, 3, 28820873
What are the prime factors of 7185147?
3, 67, 35747
List the prime factors of 54834261.
3, 41, 445807
List the prime factors of 96773970.
2, 3, 5, 191, 16889
List the prime factors of 436594135.
5, 139, 628193
List the prime factors of 15246024.
2, 3, 635251
What are the prime factors of 185941064?
2, 23242633
List the prime factors of 56531011.
31, 1823581
List the prime factors of 601785894.
2, 3, 163, 229, 2687
List the prime factors of 127052973.
3, 29, 31, 41, 383
List the prime factors of 930919579.
73, 229, 233, 239
What are the prime factors of 107986579?
41, 59, 44641
List the prime factors of 787657093.
787657093
List the prime factors of 7243419899.
47, 154115317
List the prime factors of 60002367.
3, 17, 503, 2339
List the prime factors of 680368989.
3, 137, 881, 1879
What are the prime factors of 16830099?
3, 11, 13, 1453
What are the prime factors of 243780228?
2, 3, 6771673
What are the 